{"id":4546,"date":"2017-04-07T12:47:01","date_gmt":"2017-04-07T15:47:01","guid":{"rendered":"http:\/\/www.colegiodentistas.cl\/inicio\/?page_id=4546"},"modified":"2021-12-01T18:15:31","modified_gmt":"2021-12-01T21:15:31","slug":"banco-de-chile","status":"publish","type":"page","link":"https:\/\/www.colegiodentistas.cl\/inicio\/convenios\/bancos\/banco-de-chile\/","title":{"rendered":"Bancos | Banco de Chile"},"content":{"rendered":"\n<div class=\"wp-block-media-text alignwide is-stacked-on-mobile is-image-fill\" style=\"grid-template-columns:46% auto\"><figure class=\"wp-block-media-text__media\" style=\"background-image:url(https:\/\/www.colegiodentistas.cl\/inicio\/wp-content\/uploads\/2021\/05\/bancodechile750x600.png);background-position:50% 50%\"><img loading=\"lazy\" width=\"750\" height=\"600\" src=\"https:\/\/www.colegiodentistas.cl\/inicio\/wp-content\/uploads\/2021\/05\/bancodechile750x600.png\" alt=\"\" class=\"wp-image-9051033 size-full\" srcset=\"https:\/\/www.colegiodentistas.cl\/inicio\/wp-content\/uploads\/2021\/05\/bancodechile750x600.png 750w, https:\/\/www.colegiodentistas.cl\/inicio\/wp-content\/uploads\/2021\/05\/bancodechile750x600-300x240.png 300w, https:\/\/www.colegiodentistas.cl\/inicio\/wp-content\/uploads\/2021\/05\/bancodechile750x600-100x80.png 100w, https:\/\/www.colegiodentistas.cl\/inicio\/wp-content\/uploads\/2021\/05\/bancodechile750x600-400x320.png 400w, https:\/\/www.colegiodentistas.cl\/inicio\/wp-content\/uploads\/2021\/05\/bancodechile750x600-625x500.png 625w\" sizes=\"(max-width: 750px) 100vw, 750px\" \/><\/figure><div class=\"wp-block-media-text__content\">\n<p class=\"has-normal-font-size\">Este beneficio permite abrir cuenta corriente para <strong>Pymes<\/strong> y <strong>Personas<\/strong> en el Banco de Chile a costo 0 los primeros 12 meses, y permanecer sin costo desde el mes 13 en adelante, si se deposita un m\u00ednimo de $500.000 durante el mes calendario, o la suma de varios abonos que totalicen ese valor.<\/p>\n\n\n\n<p>Para colegiadas y colegiados con sus cuotas al d\u00eda.<\/p>\n<\/div><\/div>\n\n\n\n<hr class=\"wp-block-separator\"\/>\n\n\n\n<p class=\"has-text-align-center has-medium-font-size\"> <strong>Vigencia<\/strong> | 31 de diciembre de 2021 <\/p>\n\n\n\n<hr class=\"wp-block-separator\"\/>\n\n\n\n<p>Si ya tienes cuenta corriente con el Banco de Chile puedes <strong>contactar al&nbsp;ejecutivo <\/strong>y solicitar la activaci\u00f3n del beneficio.<\/p>\n\n\n\n<hr class=\"wp-block-separator\"\/>\n\n\n\n<p class=\"has-text-align-center has-medium-font-size\"><strong>Ejecutivo a nivel nacional<\/strong><br>Esteban Cabello<br><a href=\"mailto:ecabello@bancochile.cl\" target=\"_blank\" rel=\"noreferrer noopener\">ecabello@bancochile.cl<\/a><br> <a href=\"tel:+56971286209\" target=\"_blank\" rel=\"noreferrer noopener\">+569 7128 6209<\/a><\/p>\n\n\n\n<hr class=\"wp-block-separator\"\/>\n\n\n\n<p>Adem\u00e1s, podr\u00e1s acceder a descuentos en cr\u00e9ditos de consumo, refinanciamiento y cr\u00e9dito hipotecario.<\/p>\n\n\n\n<p><strong>Contacto:<\/strong><br><a href=\"mailto:colegiados@colegiodentistas.cl\" target=\"_blank\" rel=\"noreferrer noopener\">colegiados@colegiodentistas.cl<\/a><\/p>\n\n\n\n<hr class=\"wp-block-separator\"\/>\n\n\n\n<p class=\"has-medium-font-size\"><strong>Plan Cuenta Corriente PYME<\/strong><\/p>\n\n\n\n<div class=\"wp-block-image\"><figure class=\"aligncenter size-large is-resized\"><img loading=\"lazy\" src=\"https:\/\/www.colegiodentistas.cl\/inicio\/wp-content\/uploads\/2021\/11\/convenio-pyme-banco-chile-558x1024.jpg\" alt=\"\" class=\"wp-image-12038637\" width=\"558\" height=\"1024\" srcset=\"https:\/\/www.colegiodentistas.cl\/inicio\/wp-content\/uploads\/2021\/11\/convenio-pyme-banco-chile-558x1024.jpg 558w, https:\/\/www.colegiodentistas.cl\/inicio\/wp-content\/uploads\/2021\/11\/convenio-pyme-banco-chile-163x300.jpg 163w, https:\/\/www.colegiodentistas.cl\/inicio\/wp-content\/uploads\/2021\/11\/convenio-pyme-banco-chile-768x1409.jpg 768w, https:\/\/www.colegiodentistas.cl\/inicio\/wp-content\/uploads\/2021\/11\/convenio-pyme-banco-chile-54x100.jpg 54w, https:\/\/www.colegiodentistas.cl\/inicio\/wp-content\/uploads\/2021\/11\/convenio-pyme-banco-chile-400x734.jpg 400w, https:\/\/www.colegiodentistas.cl\/inicio\/wp-content\/uploads\/2021\/11\/convenio-pyme-banco-chile-272x500.jpg 272w, https:\/\/www.colegiodentistas.cl\/inicio\/wp-content\/uploads\/2021\/11\/convenio-pyme-banco-chile.jpg 800w\" sizes=\"(max-width: 558px) 100vw, 558px\" \/><\/figure><\/div>\n\n\n\n<hr class=\"wp-block-separator\"\/>\n\n\n\n<p class=\"has-medium-font-size\"><strong>Plan Cuenta Corriente Personas<\/strong><\/p>\n\n\n\n<div class=\"wp-block-image\"><figure class=\"aligncenter size-large is-resized\"><img loading=\"lazy\" src=\"https:\/\/www.colegiodentistas.cl\/inicio\/wp-content\/uploads\/2020\/07\/Banco-de-Chile-768x1024.png\" alt=\"\" class=\"wp-image-3706434\" width=\"576\" height=\"768\" srcset=\"https:\/\/www.colegiodentistas.cl\/inicio\/wp-content\/uploads\/2020\/07\/Banco-de-Chile-768x1024.png 768w, https:\/\/www.colegiodentistas.cl\/inicio\/wp-content\/uploads\/2020\/07\/Banco-de-Chile-225x300.png 225w, https:\/\/www.colegiodentistas.cl\/inicio\/wp-content\/uploads\/2020\/07\/Banco-de-Chile-1152x1536.png 1152w, https:\/\/www.colegiodentistas.cl\/inicio\/wp-content\/uploads\/2020\/07\/Banco-de-Chile-1536x2048.png 1536w, https:\/\/www.colegiodentistas.cl\/inicio\/wp-content\/uploads\/2020\/07\/Banco-de-Chile-75x100.png 75w, https:\/\/www.colegiodentistas.cl\/inicio\/wp-content\/uploads\/2020\/07\/Banco-de-Chile-400x533.png 400w, https:\/\/www.colegiodentistas.cl\/inicio\/wp-content\/uploads\/2020\/07\/Banco-de-Chile-375x500.png 375w, https:\/\/www.colegiodentistas.cl\/inicio\/wp-content\/uploads\/2020\/07\/Banco-de-Chile.png 1650w\" sizes=\"(max-width: 576px) 100vw, 576px\" \/><\/figure><\/div>\n\n\n\n<p><\/p>\n\n\n\n<p><\/p>\n","protected":false},"excerpt":{"rendered":"<p>Este beneficio permite abrir cuenta corriente para Pymes y Personas en el Banco de Chile a costo 0 los primeros 12 meses, y permanecer sin costo desde el mes 13 en adelante, si se deposita un m\u00ednimo de $500.000 durante el mes calendario, o la suma de varios abonos que totalicen ese valor. Para colegiadas y colegiados con sus cuotas al d\u00eda. Vigencia | 31 de diciembre de 2021 Si ya tienes cuenta corriente con el Banco de Chile puedes contactar al&nbsp;ejecutivo y solicitar la activaci\u00f3n del beneficio. Ejecutivo a nivel nacionalEsteban Cabelloecabello@bancochile.cl +569 7128 6209 Adem\u00e1s, podr\u00e1s acceder a [&hellip;]<\/p>\n","protected":false},"author":1,"featured_media":0,"parent":8498583,"menu_order":0,"comment_status":"closed","ping_status":"closed","template":"","meta":[],"_links":{"self":[{"href":"https:\/\/www.colegiodentistas.cl\/inicio\/wp-json\/wp\/v2\/pages\/4546"}],"collection":[{"href":"https:\/\/www.colegiodentistas.cl\/inicio\/wp-json\/wp\/v2\/pages"}],"about":[{"href":"https:\/\/www.colegiodentistas.cl\/inicio\/wp-json\/wp\/v2\/types\/page"}],"author":[{"embeddable":true,"href":"https:\/\/www.colegiodentistas.cl\/inicio\/wp-json\/wp\/v2\/users\/1"}],"replies":[{"embeddable":true,"href":"https:\/\/www.colegiodentistas.cl\/inicio\/wp-json\/wp\/v2\/comments?post=4546"}],"version-history":[{"count":10,"href":"https:\/\/www.colegiodentistas.cl\/inicio\/wp-json\/wp\/v2\/pages\/4546\/revisions"}],"predecessor-version":[{"id":12049537,"href":"https:\/\/www.colegiodentistas.cl\/inicio\/wp-json\/wp\/v2\/pages\/4546\/revisions\/12049537"}],"up":[{"embeddable":true,"href":"https:\/\/www.colegiodentistas.cl\/inicio\/wp-json\/wp\/v2\/pages\/8498583"}],"wp:attachment":[{"href":"https:\/\/www.colegiodentistas.cl\/inicio\/wp-json\/wp\/v2\/media?parent=4546"}],"curies":[{"name":"wp","href":"https:\/\/api.w.org\/{rel}","templated":true}]}}