{"id":1335855,"date":"2020-03-25T20:46:26","date_gmt":"2020-03-25T23:46:26","guid":{"rendered":"http:\/\/www.colegiodentistas.cl\/inicio\/wp-content\/uploads\/2020\/03\/declaracion-rodolfo-danyau.mp3"},"modified":"2020-03-28T19:52:54","modified_gmt":"2020-03-28T22:52:54","slug":"declaracion-rodolfo-danyau","status":"inherit","type":"attachment","link":"https:\/\/www.colegiodentistas.cl\/inicio\/declaracion-rodolfo-danyau\/","title":{"rendered":"Declaraci\u00f3n Dr. Rolando Danyau"},"author":7,"comment_status":"closed","ping_status":"closed","template":"","meta":[],"description":{"rendered":"<!--[if lt IE 9]><script>document.createElement('audio');<\/script><![endif]-->\n<audio class=\"wp-audio-shortcode\" id=\"audio-1335855-1\" preload=\"none\" style=\"width: 100%;\" controls=\"controls\"><source type=\"audio\/mpeg\" src=\"https:\/\/www.colegiodentistas.cl\/inicio\/wp-content\/uploads\/2020\/03\/declaracion-rodolfo-danyau.mp3?_=1\" \/><a href=\"https:\/\/www.colegiodentistas.cl\/inicio\/wp-content\/uploads\/2020\/03\/declaracion-rodolfo-danyau.mp3\">https:\/\/www.colegiodentistas.cl\/inicio\/wp-content\/uploads\/2020\/03\/declaracion-rodolfo-danyau.mp3<\/a><\/audio>\n<p>Declaraci\u00f3n Dr. Rolando Danyau.<\/p>\n"},"caption":{"rendered":"<p>El presidente del Colegio de Cirujano Dentistas llama a que se decrete el cierre sanitario de las cl\u00ednicas odontol\u00f3gicas del pa\u00eds y solo se mantenga la atenci\u00f3n en centros que cuenten con las condiciones de seguridad para atender urgencias.<\/p>\n<p>Esto permitir\u00e1 disminuir posibilidad de contagios durante los procedimientos, ayuda a la medida de mantener a las personas en sus hogares y le permite a los odont\u00f3logos privados a acceder a los beneficios econ\u00f3micos para ayudar a los peque\u00f1os empresarios.<\/p>\n"},"alt_text":"","media_type":"file","mime_type":"audio\/mpeg","media_details":{"dataformat":"mp3","channels":1,"sample_rate":48000,"bitrate":83608.449252962382161058485507965087890625,"channelmode":"mono","bitrate_mode":"vbr","codec":"LAME","encoder":"LAME3.99r","lossless":false,"encoder_options":"--preset fast standard -b32 --lowpass 18500","compression_ratio":0.10886516829812810380762044815128319896757602691650390625,"fileformat":"mp3","filesize":973743,"mime_type":"audio\/mpeg","length":93,"length_formatted":"1:33","artist":"Dr. Rolando Danyau","album":"","sizes":{}},"post":null,"source_url":"https:\/\/www.colegiodentistas.cl\/inicio\/wp-content\/uploads\/2020\/03\/declaracion-rodolfo-danyau.mp3","_links":{"self":[{"href":"https:\/\/www.colegiodentistas.cl\/inicio\/wp-json\/wp\/v2\/media\/1335855"}],"collection":[{"href":"https:\/\/www.colegiodentistas.cl\/inicio\/wp-json\/wp\/v2\/media"}],"about":[{"href":"https:\/\/www.colegiodentistas.cl\/inicio\/wp-json\/wp\/v2\/types\/attachment"}],"author":[{"embeddable":true,"href":"https:\/\/www.colegiodentistas.cl\/inicio\/wp-json\/wp\/v2\/users\/7"}],"replies":[{"embeddable":true,"href":"https:\/\/www.colegiodentistas.cl\/inicio\/wp-json\/wp\/v2\/comments?post=1335855"}]}}

Declaración Dr. Rolando Danyau

<!--[if lt IE 9]><script>document.createElement('audio');</script><![endif]-->
<audio class="wp-audio-shortcode" id="audio-1335855-1" preload="none" style="width: 100%;" controls="controls"><source type="audio/mpeg" src="https://www.colegiodentistas.cl/inicio/wp-content/uploads/2020/03/declaracion-rodolfo-danyau.mp3?_=1" /><a href="https://www.colegiodentistas.cl/inicio/wp-content/uploads/2020/03/declaracion-rodolfo-danyau.mp3">https://www.colegiodentistas.cl/inicio/wp-content/uploads/2020/03/declaracion-rodolfo-danyau.mp3</a></audio>
<p>Declaración Dr. Rolando Danyau.</p>

<p>El presidente del Colegio de Cirujano Dentistas llama a que se decrete el cierre sanitario de las clínicas odontológicas del país y solo se mantenga la atención en centros que cuenten con las condiciones de seguridad para atender urgencias.</p>
<p>Esto permitirá disminuir posibilidad de contagios durante los procedimientos, ayuda a la medida de mantener a las personas en sus hogares y le permite a los odontólogos privados a acceder a los beneficios económicos para ayudar a los pequeños empresarios.</p>
